4*u, -l - u = -2*u - 620. Suppose -14*c = -11*c + l. Let r = c - -413. List the prime factors of r.
2, 103
Suppose 51*s = -16298 + 405173. What are the prime factors of s?
5, 61
Let p(k) = -8*k - 15. Let j = -10 + 6. What are the prime factors of p(j)?
17
Let v = 216 + -210. What are the prime factors of (15 - -1)/(v/156)?
2, 13
Let v(q) = 79*q**2 + 26*q + 126. List the prime factors of v(-5).
3, 73
Suppose -57*w + 30243 - 39186 = -198069. List the prime factors of w.
2, 3, 7, 79
Let j = 92 + -59. Let t = j - 25. What are the prime factors of 309*t/12*(-1)/(-2)?
103
Let p(k) = 26*k**2 + 2*k - 23. Let r be 3*(3 - 4) + 7. List the prime factors of p(r).
401
Let m be 1 + 4 + -2 + 0 + -2. What are the prime factors of m*764/2 - (-1 - 1)?
2, 3
List the prime factors of (15265 - -86) + -2*(2 - 3).
13, 1181
Suppose 5*j - 16990 = -5*k, 3*j - 62*k - 10198 = -61*k. List the prime factors of j.
3, 11, 103
Let n(m) be the second derivative of -23*m**5/20 - 5*m**4/12 + m**3/6 + 12*m**2 - 246*m. List the prime factors of n(-4).
2, 353
Let d(j) = 26367*j**2 + 751*j - 750. What are the prime factors of d(1)?
2, 103
Let q = -425 + 450. Let x(m) = -m**2 + 56*m + 55. List the prime factors of x(q).
2, 5, 83
Let i(b) = -b**2 - 15*b - 13. Let n be i(-12). Suppose 4*o - 47 = -5*u, -o - u = -2 - 10. Let s = n - o. What are the prime factors of s?
2, 5
Let d(n) = 37*n - 245. Let m be d(7). Suppose 28*b = m*b + 3010. What are the prime factors of b?
5, 43
Suppose 0 = -469*f + 509*f - 1232880. List the prime factors of f.
2, 3, 11, 467
Let q(p) = -p. Let b(o) = 123*o + 9. Let k(n) = 2*b(n) - 10*q(n). List the prime factors of k(3).
2, 3, 131
Let x be (80/(-35))/4*7/(-2). List the prime factors of (8453/(-214))/(x/(-64)).
2, 79
Suppose 2557 = -5*w - 54*d + 58*d, 5*w = -d - 2567. Let g = w - -670. What are the prime factors of g?
157
Let o be 4/(((-3)/(-2))/((-45)/(-40))). Suppose 4*s - 1 + 5 = 0, 0 = 5*q + o*s - 1202. What are the prime factors of q?
241
Let x = -74093 + 141919. What are the prime factors of x?
2, 11, 3083
Let s(t) = -12*t - 2. Let n(z) = 1. Let x(p) = -3*n(p) - s(p). Let l = -84 - -88. List the prime factors of x(l).
47
Suppose -i - 57871 = -2*n, 32*i + 18 = 30*i. What are the prime factors of n?
7, 4133
Let c(w) = 1411*w**3 - 2*w**2 + 57*w - 108. What are the prime factors of c(2)?
2, 3, 11, 19
Suppose 4*y = -5*s - 0*y + 24364, 10*y - 4882 = -s. What are the prime factors of s?
2, 3, 7, 29
List the prime factors of ((-32066)/4 - 0)*-2 - 9.
2, 2003
What are the prime factors of -4 - (-301816)/12 - 13/39 - -3?
2, 5, 503
Let v be -3*(-7)/((-63)/(-12)). Suppose -v*m - 20 = 0, -5*o + 23 = 2*m - 147. Suppose 8*i = -i + o. What are the prime factors of i?
2
Let r(t) = -37*t - 66. Suppose -p - 2*g - 28 = -6*g, -2*g = -5*p - 50. Let q be r(p). Suppose -7*a + q = -71. List the prime factors of a.
43
What are the prime factors of ((-11332)/16)/((154/(-112))/11)?
2, 2833
Let f(v) = 37*v**2 + 108*v - 95. What are the prime factors of f(-23)?
2, 29, 293
Let d be (60/(-33) - 4/22) + -28. Let a = 27 - d. What are the prime factors of a?
3, 19
Suppose -3*u = -27 - 63. Let x = u - 4. Let f = x + 21. What are the prime factors of f?
47
Suppose 3*b + 0*b = -3*f - 318, -2*f - 221 = -b. Suppose y + 5*t + 41 = 3*t, -4*y + 3*t = 142. Let o = y - f. List the prime factors of o.
2, 3
Let y(a) = 10*a**2 + 8*a - 15. Let t(o) = 7*o - 102. Let w be t(15). List the prime factors of y(w).
3, 11
Suppose 0 = -6*c + 4*c - 66. Let g be 2*6*(-88)/c. Let q = g - -130. What are the prime factors of q?
2, 3
Suppose -2*x + 4 = 0, 0 = 4*y + 3*x + 2*x - 446. Let i = 233 + y. List the prime factors of i.
2, 3, 19
Let w(y) = -94*y - 51. Let v be ((-12)/15)/(6/60). List the prime factors of w(v).
701
Let t(v) = 204*v**2 - 12*v - 9 + 15*v + 5. List the prime factors of t(2).
2, 409
Let x = -6687 - -18092. List the prime factors of x.
5, 2281
Let d(q) = -67*q**2 + q + 35138. List the prime factors of d(0).
2, 17569
Let a be 453/11 + (-30)/165. Suppose 0 = -4*c + 5*y + 900, -5*c + 1104 = 12*y - 13*y. Let d = c - a. List the prime factors of d.
179
Let l(x) = -x**3 + 7*x**2 + 6*x + 19. Let g be l(8). Let c(j) = -g - 3*j + 26 + 13. What are the prime factors of c(8)?
2, 3
Suppose 4 + 4 = -c. Let m(x) = -7*x**2 - 20*x - 20. Let r(g) = 9*g**2 + 21*g + 21. Let z(a) = -3*m(a) - 2*r(a). List the prime factors of z(c).
2, 3, 11
Suppose 7*n + 7555680 = 191*n + 56*n. What are the prime factors of n?
2, 3, 11, 53
Suppose 0 = -6*k + w + 253090, -4*k - 5*w + 110611 = -58093. List the prime factors of k.
42181
Let t(k) = 8*k**2 + 34*k + 15. Let c(l) = 9*l**2 + 33*l + 14. Let g(w) = -5*c(w) + 6*t(w). What are the prime factors of g(-17)?
2, 7
Let r(h) = h**3 + 3*h - 2. Let k be r(1). Let i be -4*(1 - -1)/(-8)*k. Suppose -p + y = -i*y - 128, 2*y + 133 = p. List the prime factors of p.
11, 13
Let j = 852 - 745. What are the prime factors of (-105 + j)*547/2?
547
Let y(f) = 855*f**2 + 2*f - 2. Suppose -3 = 7*i - 10. Let w be y(i). Suppose -15*r - w = -18*r. List the prime factors of r.
3, 5, 19
Suppose -3*p = -455*j + 454*j + 20422, 4*p - 163320 = -8*j. What are the prime factors of j?
2, 11, 29
Suppose -8175 = -10*f + 9*f + 5*g, 4*g = f - 8180. List the prime factors of f.
2, 5, 41
Suppose 45*s - 13842 = 36*s. Suppose s = 4*n + 2*l, -5*n = -8*n + 3*l + 1176. List the prime factors of n.
3, 43
Let m = 2740 + -851. Let q = m + -830. What are the prime factors of q?
3, 353
Let n = -2941 - -11639. List the prime factors of n.
2, 4349
Let l = 22378 - 11688. List the prime factors of l.
2, 5, 1069
Suppose -5*o + 13*o - 32 = 0. Suppose o*u - 8*u = -8. Suppose w = -u*q + 50, w = -w + 4*q + 124. What are the prime factors of w?
2, 7
Suppose -5*r - 3914 = -5*p + 20126, -3*p + 14418 = -2*r. What are the prime factors of p?
2, 7
Let v be 3/((6/(-14))/1). Let z(l) = -199*l - 53. What are the prime factors of z(v)?
2, 5, 67
Let w = 4975 - 2642. List the prime factors of w.
2333
Let m(o) = 238*o + 330. Let z = 559 + -555. What are the prime factors of m(z)?
2, 641
Let q(j) = j**3 + 44*j**2 - 124*j + 115. Let a be q(-47). List the prime factors of (a/(-60))/(1/65 - 0).
3, 13, 19
Let a = 58 + -47. Suppose 4 = -a*m + 13*m. Suppose -m*c = -158 - 228. What are the prime factors of c?
193
Let n = 2038 - -8521. List the prime factors of n.
10559
Let d = -29265 + 66649. What are the prime factors of d?
2, 4673
Suppose -5*g = -2*g - 19887. Suppose 407*x + g = 414*x. List the prime factors of x.
947
Let p = 406 + -582. Let z = -50 - p. List the prime factors of z.
2, 3, 7
Suppose -20 = -5*i + 5*g, 4*i + g - 20 = 6*g. Suppose 11*y + 65 - 120 = 0. Suppose i = y*u, o + 4*u - 71 = 2*u. List the prime factors of o.
71
Let u(b) = 5*b**2 + 2*b + 2. Let m be u(-1). Suppose -m*s + 33 = 4*j, -6*j - 18 = -5*j - 4*s. What are the prime factors of j + 53 - (-3 + 5/1)?
53
Let r = -106 - -107. Suppose r = -4*l + 65. What are the prime factors of 2/4 - (-3160)/l?
2, 3, 11
Let s(q) = -q**3 - 11*q**2 + 111*q + 1246. What are the prime factors of s(-38)?
2, 2251
Suppose -43*g = -369616 - 277964. What are the prime factors of g?
2, 3, 5, 251
Suppose -198*u = -148*u - 1660050. What are the prime factors of u?
3, 7, 17, 31
Suppose 990*g + h + 115507 = 995*g, 2*g - 3*h = 46221. What are the prime factors of g?
2, 3, 5, 7, 11
Suppose -4*a + 5*g = -239, a + a - 97 = -5*g. Let t(m) = -103*m + 54*m + 25 + a*m. What are the prime factors of t(9)?
2, 11
Suppose 3*b = c - 12694, -31*c + 36*c - 3*b = 63386. What are the prime factors of c?
19, 23, 29
Let v = -21509 + 30932. What are the prime factors of v?
3, 349
Let q = 32765 - -20413. What are the prime factors of q?
2, 3, 8863
Let j = 59 + 289. Suppose 2034 = 6*n - j. What are the prime factors of n?
397
Suppose 2*m + 12 = -2*m, 2*x + 4*m - 28 = 0. Suppose -14*c = -x*c + 3624. List the prime factors of c.
2, 151
Suppose 108*q + 1103490 = -126*q + 264*q. List the prime factors of q.
3, 61, 67
Let u(d) = d**3 + 3*d**2 - 7*d + 2. Let h be u(-7). Let a = h + 1382. List the prime factors of a.
1237
Suppose 4*u - 8 = 2*s, -s = 6*u - u - 24. Let v(y) = y - 5. Let z be v(7). List the prime factors of 102/s*4/z.
3, 17
Let v(t) = t**2 + 11*t + 12. Let x be v(-10). Suppose x*p + 0 + 10 = -w, 5 = -5*w - p. Suppose 2*a + w*c 